{"id":2981,"date":"2024-05-10T08:13:12","date_gmt":"2024-05-10T08:13:12","guid":{"rendered":"https:\/\/iw.al\/kmshc\/?post_type=avada_faq&#038;p=2981"},"modified":"2024-05-10T08:13:12","modified_gmt":"2024-05-10T08:13:12","slug":"cilat-jane-rastet-kur-nuk-lejohet-pezullimi","status":"publish","type":"avada_faq","link":"https:\/\/kmshc.al\/en\/faq-items\/cilat-jane-rastet-kur-nuk-lejohet-pezullimi\/","title":{"rendered":"Cilat jan\u00eb rastet kur nuk lejohet pezullimi?"},"content":{"rendered":"<div class=\"vc_row wpb_row section vc_row-fluid \">\n<div class=\" full_section_inner clearfix\">\n<div class=\"wpb_column vc_column_container vc_col-sm-12\">\n<div class=\"vc_column-inner \">\n<div class=\"wpb_wrapper\">\n<div class=\"wpb_text_column wpb_content_element \">\n<div class=\"wpb_wrapper\">\n<p>Pezullimi nuk lejohet p\u00ebr:<\/p>\n<ul>\n<li>P\u00ebr n\u00ebpun\u00ebsit civil\u00eb n\u00eb periudh\u00eb prove;<\/li>\n<\/ul>\n<ul>\n<li>N\u00ebpun\u00ebsit civil\u00eb t\u00eb em\u00ebruar n\u00eb pozicione t\u00eb nivelit t\u00eb ul\u00ebt apo t\u00eb mes\u00ebm drejtues, t\u00eb rekrutuar nga jasht\u00eb sistemit t\u00eb sh\u00ebrbimit civil t\u00eb cil\u00ebt nuk kan\u00eb plot\u00ebsuar t\u00eb pakt\u00ebn nj\u00eb vit pune n\u00eb pozicionin n\u00eb t\u00eb cilin jan\u00eb em\u00ebruar.<\/li>\n<\/ul>\n<\/div>\n<\/div>\n<\/div>\n<\/div>\n<\/div>\n<\/div>\n<\/div>\n<div class=\"vc_row wpb_row section vc_row-fluid \">\n<div class=\" full_section_inner clearfix\">\n<div class=\"wpb_column vc_column_container vc_col-sm-12\">\n<div class=\"vc_column-inner \">\n<div class=\"wpb_wrapper\">\n<div class=\"vc_empty_space\"><\/div>\n<\/div>\n<\/div>\n<\/div>\n<\/div>\n<\/div>\n","protected":false},"excerpt":{"rendered":"<p>Pezullimi nuk lejohet p\u00ebr: P\u00ebr n\u00ebpun\u00ebsit civil\u00eb n\u00eb periudh\u00eb prove; N\u00ebpun\u00ebsit civil\u00eb t\u00eb em\u00ebruar n\u00eb pozicione t\u00eb nivelit t\u00eb ul\u00ebt apo t\u00eb mes\u00ebm drejtues, t\u00eb rekrutuar nga jasht\u00eb sistemit [&hellip;]<\/p>\n","protected":false},"author":1,"featured_media":0,"menu_order":0,"comment_status":"open","ping_status":"closed","template":"","format":"standard","meta":{"_acf_changed":false,"_piecal_is_event":false,"_piecal_start_date":"","_piecal_end_date":"","_piecal_is_allday":false,"footnotes":""},"faq_category":[],"class_list":["post-2981","avada_faq","type-avada_faq","status-publish","format-standard","hentry"],"acf":[],"yoast_head":"<!-- This site is optimized with the Yoast SEO plugin v23.8 - https:\/\/yoast.com\/wordpress\/plugins\/seo\/ -->\n<title>Cilat jan\u00eb rastet kur nuk lejohet pezullimi? - KMSHC<\/title>\n<meta name=\"robots\" content=\"index, follow, max-snippet:-1, max-image-preview:large, max-video-preview:-1\" \/>\n<link rel=\"canonical\" href=\"https:\/\/kmshc.al\/en\/faq-items\/cilat-jane-rastet-kur-nuk-lejohet-pezullimi\/\" \/>\n<meta property=\"og:locale\" content=\"en_GB\" \/>\n<meta property=\"og:type\" content=\"article\" \/>\n<meta property=\"og:title\" content=\"Cilat jan\u00eb rastet kur nuk lejohet pezullimi? - KMSHC\" \/>\n<meta property=\"og:description\" content=\"Pezullimi nuk lejohet p\u00ebr: P\u00ebr n\u00ebpun\u00ebsit civil\u00eb n\u00eb periudh\u00eb prove; N\u00ebpun\u00ebsit civil\u00eb t\u00eb em\u00ebruar n\u00eb pozicione t\u00eb nivelit t\u00eb ul\u00ebt apo t\u00eb mes\u00ebm drejtues, t\u00eb rekrutuar nga jasht\u00eb sistemit [&hellip;]\" \/>\n<meta property=\"og:url\" content=\"https:\/\/kmshc.al\/en\/faq-items\/cilat-jane-rastet-kur-nuk-lejohet-pezullimi\/\" \/>\n<meta property=\"og:site_name\" content=\"KMSHC\" \/>\n<meta name=\"twitter:card\" content=\"summary_large_image\" \/>\n<script type=\"application\/ld+json\" class=\"yoast-schema-graph\">{\"@context\":\"https:\/\/schema.org\",\"@graph\":[{\"@type\":\"WebPage\",\"@id\":\"https:\/\/kmshc.al\/faq-items\/cilat-jane-rastet-kur-nuk-lejohet-pezullimi\/\",\"url\":\"https:\/\/kmshc.al\/faq-items\/cilat-jane-rastet-kur-nuk-lejohet-pezullimi\/\",\"name\":\"Cilat jan\u00eb rastet kur nuk lejohet pezullimi? - KMSHC\",\"isPartOf\":{\"@id\":\"https:\/\/kmshc.al\/#website\"},\"datePublished\":\"2024-05-10T08:13:12+00:00\",\"dateModified\":\"2024-05-10T08:13:12+00:00\",\"breadcrumb\":{\"@id\":\"https:\/\/kmshc.al\/faq-items\/cilat-jane-rastet-kur-nuk-lejohet-pezullimi\/#breadcrumb\"},\"inLanguage\":\"en-GB\",\"potentialAction\":[{\"@type\":\"ReadAction\",\"target\":[\"https:\/\/kmshc.al\/faq-items\/cilat-jane-rastet-kur-nuk-lejohet-pezullimi\/\"]}]},{\"@type\":\"BreadcrumbList\",\"@id\":\"https:\/\/kmshc.al\/faq-items\/cilat-jane-rastet-kur-nuk-lejohet-pezullimi\/#breadcrumb\",\"itemListElement\":[{\"@type\":\"ListItem\",\"position\":1,\"name\":\"Home\",\"item\":\"https:\/\/kmshc.al\/\"},{\"@type\":\"ListItem\",\"position\":2,\"name\":\"FAQs\",\"item\":\"https:\/\/kmshc.al\/faq-items\/\"},{\"@type\":\"ListItem\",\"position\":3,\"name\":\"Cilat jan\u00eb rastet kur nuk lejohet pezullimi?\"}]},{\"@type\":\"WebSite\",\"@id\":\"https:\/\/kmshc.al\/#website\",\"url\":\"https:\/\/kmshc.al\/\",\"name\":\"KMSHC\",\"description\":\"Komisioneri per mbikqyrjen e sherbimit Civil\",\"publisher\":{\"@id\":\"https:\/\/kmshc.al\/#organization\"},\"potentialAction\":[{\"@type\":\"SearchAction\",\"target\":{\"@type\":\"EntryPoint\",\"urlTemplate\":\"https:\/\/kmshc.al\/?s={search_term_string}\"},\"query-input\":{\"@type\":\"PropertyValueSpecification\",\"valueRequired\":true,\"valueName\":\"search_term_string\"}}],\"inLanguage\":\"en-GB\"},{\"@type\":\"Organization\",\"@id\":\"https:\/\/kmshc.al\/#organization\",\"name\":\"KMSHC\",\"url\":\"https:\/\/kmshc.al\/\",\"logo\":{\"@type\":\"ImageObject\",\"inLanguage\":\"en-GB\",\"@id\":\"https:\/\/kmshc.al\/#\/schema\/logo\/image\/\",\"url\":\"https:\/\/kmshc.al\/wp-content\/uploads\/2024\/07\/logo-kmshc-200x130-1.png\",\"contentUrl\":\"https:\/\/kmshc.al\/wp-content\/uploads\/2024\/07\/logo-kmshc-200x130-1.png\",\"width\":200,\"height\":130,\"caption\":\"KMSHC\"},\"image\":{\"@id\":\"https:\/\/kmshc.al\/#\/schema\/logo\/image\/\"}}]}<\/script>\n<!-- \/ Yoast SEO plugin. -->","yoast_head_json":{"title":"Cilat jan\u00eb rastet kur nuk lejohet pezullimi? - KMSHC","robots":{"index":"index","follow":"follow","max-snippet":"max-snippet:-1","max-image-preview":"max-image-preview:large","max-video-preview":"max-video-preview:-1"},"canonical":"https:\/\/kmshc.al\/en\/faq-items\/cilat-jane-rastet-kur-nuk-lejohet-pezullimi\/","og_locale":"en_GB","og_type":"article","og_title":"Cilat jan\u00eb rastet kur nuk lejohet pezullimi? - KMSHC","og_description":"Pezullimi nuk lejohet p\u00ebr: P\u00ebr n\u00ebpun\u00ebsit civil\u00eb n\u00eb periudh\u00eb prove; N\u00ebpun\u00ebsit civil\u00eb t\u00eb em\u00ebruar n\u00eb pozicione t\u00eb nivelit t\u00eb ul\u00ebt apo t\u00eb mes\u00ebm drejtues, t\u00eb rekrutuar nga jasht\u00eb sistemit [&hellip;]","og_url":"https:\/\/kmshc.al\/en\/faq-items\/cilat-jane-rastet-kur-nuk-lejohet-pezullimi\/","og_site_name":"KMSHC","twitter_card":"summary_large_image","schema":{"@context":"https:\/\/schema.org","@graph":[{"@type":"WebPage","@id":"https:\/\/kmshc.al\/faq-items\/cilat-jane-rastet-kur-nuk-lejohet-pezullimi\/","url":"https:\/\/kmshc.al\/faq-items\/cilat-jane-rastet-kur-nuk-lejohet-pezullimi\/","name":"Cilat jan\u00eb rastet kur nuk lejohet pezullimi? - KMSHC","isPartOf":{"@id":"https:\/\/kmshc.al\/#website"},"datePublished":"2024-05-10T08:13:12+00:00","dateModified":"2024-05-10T08:13:12+00:00","breadcrumb":{"@id":"https:\/\/kmshc.al\/faq-items\/cilat-jane-rastet-kur-nuk-lejohet-pezullimi\/#breadcrumb"},"inLanguage":"en-GB","potentialAction":[{"@type":"ReadAction","target":["https:\/\/kmshc.al\/faq-items\/cilat-jane-rastet-kur-nuk-lejohet-pezullimi\/"]}]},{"@type":"BreadcrumbList","@id":"https:\/\/kmshc.al\/faq-items\/cilat-jane-rastet-kur-nuk-lejohet-pezullimi\/#breadcrumb","itemListElement":[{"@type":"ListItem","position":1,"name":"Home","item":"https:\/\/kmshc.al\/"},{"@type":"ListItem","position":2,"name":"FAQs","item":"https:\/\/kmshc.al\/faq-items\/"},{"@type":"ListItem","position":3,"name":"Cilat jan\u00eb rastet kur nuk lejohet pezullimi?"}]},{"@type":"WebSite","@id":"https:\/\/kmshc.al\/#website","url":"https:\/\/kmshc.al\/","name":"KMSHC","description":"Komisioneri per mbikqyrjen e sherbimit Civil","publisher":{"@id":"https:\/\/kmshc.al\/#organization"},"potentialAction":[{"@type":"SearchAction","target":{"@type":"EntryPoint","urlTemplate":"https:\/\/kmshc.al\/?s={search_term_string}"},"query-input":{"@type":"PropertyValueSpecification","valueRequired":true,"valueName":"search_term_string"}}],"inLanguage":"en-GB"},{"@type":"Organization","@id":"https:\/\/kmshc.al\/#organization","name":"KMSHC","url":"https:\/\/kmshc.al\/","logo":{"@type":"ImageObject","inLanguage":"en-GB","@id":"https:\/\/kmshc.al\/#\/schema\/logo\/image\/","url":"https:\/\/kmshc.al\/wp-content\/uploads\/2024\/07\/logo-kmshc-200x130-1.png","contentUrl":"https:\/\/kmshc.al\/wp-content\/uploads\/2024\/07\/logo-kmshc-200x130-1.png","width":200,"height":130,"caption":"KMSHC"},"image":{"@id":"https:\/\/kmshc.al\/#\/schema\/logo\/image\/"}}]}},"_links":{"self":[{"href":"https:\/\/kmshc.al\/en\/wp-json\/wp\/v2\/avada_faq\/2981","targetHints":{"allow":["GET"]}}],"collection":[{"href":"https:\/\/kmshc.al\/en\/wp-json\/wp\/v2\/avada_faq"}],"about":[{"href":"https:\/\/kmshc.al\/en\/wp-json\/wp\/v2\/types\/avada_faq"}],"author":[{"embeddable":true,"href":"https:\/\/kmshc.al\/en\/wp-json\/wp\/v2\/users\/1"}],"replies":[{"embeddable":true,"href":"https:\/\/kmshc.al\/en\/wp-json\/wp\/v2\/comments?post=2981"}],"version-history":[{"count":1,"href":"https:\/\/kmshc.al\/en\/wp-json\/wp\/v2\/avada_faq\/2981\/revisions"}],"predecessor-version":[{"id":2984,"href":"https:\/\/kmshc.al\/en\/wp-json\/wp\/v2\/avada_faq\/2981\/revisions\/2984"}],"wp:attachment":[{"href":"https:\/\/kmshc.al\/en\/wp-json\/wp\/v2\/media?parent=2981"}],"wp:term":[{"taxonomy":"faq_category","embeddable":true,"href":"https:\/\/kmshc.al\/en\/wp-json\/wp\/v2\/faq_category?post=2981"}],"curies":[{"name":"wp","href":"https:\/\/api.w.org\/{rel}","templated":true}]}}

Cilat janë rastet kur nuk lejohet pezullimi?

<div class="vc_row wpb_row section vc_row-fluid ">
<div class=" full_section_inner clearfix">
<div class="wpb_column vc_column_container vc_col-sm-12">
<div class="vc_column-inner ">
<div class="wpb_wrapper">
<div class="wpb_text_column wpb_content_element ">
<div class="wpb_wrapper">
<p>Pezullimi nuk lejohet për:</p>
<ul>
<li>Për nëpunësit civilë në periudhë prove;</li>
</ul>
<ul>
<li>Nëpunësit civilë të emëruar në pozicione të nivelit të ulët apo të mesëm drejtues, të rekrutuar nga jashtë sistemit të shërbimit civil të cilët nuk kanë plotësuar të paktën një vit pune në pozicionin në të cilin janë emëruar.</li>
</ul>
</div>
</div>
</div>
</div>
</div>
</div>
</div>
<div class="vc_row wpb_row section vc_row-fluid ">
<div class=" full_section_inner clearfix">
<div class="wpb_column vc_column_container vc_col-sm-12">
<div class="vc_column-inner ">
<div class="wpb_wrapper">
<div class="vc_empty_space"></div>
</div>
</div>
</div>
</div>
</div>

<p>Pezullimi nuk lejohet për: Për nëpunësit civilë në periudhë prove; Nëpunësit civilë të emëruar në pozicione të nivelit të ulët apo të mesëm drejtues, të rekrutuar nga jashtë sistemit [&hellip;]</p>

<!-- This site is optimized with the Yoast SEO plugin v23.8 - https://yoast.com/wordpress/plugins/seo/ -->
<title>Cilat janë rastet kur nuk lejohet pezullimi? - KMSHC</title>
<meta name="robots" content="index, follow, max-snippet:-1, max-image-preview:large, max-video-preview:-1" />
<link rel="canonical" href="https://kmshc.al/en/faq-items/cilat-jane-rastet-kur-nuk-lejohet-pezullimi/" />
<meta property="og:locale" content="en_GB" />
<meta property="og:type" content="article" />
<meta property="og:title" content="Cilat janë rastet kur nuk lejohet pezullimi? - KMSHC" />
<meta property="og:description" content="Pezullimi nuk lejohet për: Për nëpunësit civilë në periudhë prove; Nëpunësit civilë të emëruar në pozicione të nivelit të ulët apo të mesëm drejtues, të rekrutuar nga jashtë sistemit [&hellip;]" />
<meta property="og:url" content="https://kmshc.al/en/faq-items/cilat-jane-rastet-kur-nuk-lejohet-pezullimi/" />
<meta property="og:site_name" content="KMSHC" />
<meta name="twitter:card" content="summary_large_image" />
<script type="application/ld+json" class="yoast-schema-graph">{"@context":"https://schema.org","@graph":[{"@type":"WebPage","@id":"https://kmshc.al/faq-items/cilat-jane-rastet-kur-nuk-lejohet-pezullimi/","url":"https://kmshc.al/faq-items/cilat-jane-rastet-kur-nuk-lejohet-pezullimi/","name":"Cilat janë rastet kur nuk lejohet pezullimi? - KMSHC","isPartOf":{"@id":"https://kmshc.al/#website"},"datePublished":"2024-05-10T08:13:12+00:00","dateModified":"2024-05-10T08:13:12+00:00","breadcrumb":{"@id":"https://kmshc.al/faq-items/cilat-jane-rastet-kur-nuk-lejohet-pezullimi/#breadcrumb"},"inLanguage":"en-GB","potentialAction":[{"@type":"ReadAction","target":["https://kmshc.al/faq-items/cilat-jane-rastet-kur-nuk-lejohet-pezullimi/"]}]},{"@type":"BreadcrumbList","@id":"https://kmshc.al/faq-items/cilat-jane-rastet-kur-nuk-lejohet-pezullimi/#breadcrumb","itemListElement":[{"@type":"ListItem","position":1,"name":"Home","item":"https://kmshc.al/"},{"@type":"ListItem","position":2,"name":"FAQs","item":"https://kmshc.al/faq-items/"},{"@type":"ListItem","position":3,"name":"Cilat janë rastet kur nuk lejohet pezullimi?"}]},{"@type":"WebSite","@id":"https://kmshc.al/#website","url":"https://kmshc.al/","name":"KMSHC","description":"Komisioneri per mbikqyrjen e sherbimit Civil","publisher":{"@id":"https://kmshc.al/#organization"},"potentialAction":[{"@type":"SearchAction","target":{"@type":"EntryPoint","urlTemplate":"https://kmshc.al/?s={search_term_string}"},"query-input":{"@type":"PropertyValueSpecification","valueRequired":true,"valueName":"search_term_string"}}],"inLanguage":"en-GB"},{"@type":"Organization","@id":"https://kmshc.al/#organization","name":"KMSHC","url":"https://kmshc.al/","logo":{"@type":"ImageObject","inLanguage":"en-GB","@id":"https://kmshc.al/#/schema/logo/image/","url":"https://kmshc.al/wp-content/uploads/2024/07/logo-kmshc-200x130-1.png","contentUrl":"https://kmshc.al/wp-content/uploads/2024/07/logo-kmshc-200x130-1.png","width":200,"height":130,"caption":"KMSHC"},"image":{"@id":"https://kmshc.al/#/schema/logo/image/"}}]}</script>
<!-- / Yoast SEO plugin. -->

Cilat janë rastet kur nuk lejohet pezullimi? - KMSHC

Pezullimi nuk lejohet për: Për nëpunësit civilë në periudhë prove; Nëpunësit civilë të emëruar në pozicione të nivelit të ulët apo të mesëm drejtues, të rekrutuar nga jashtë sistemit [&hellip;]
